 -7*k(w) - 3*s(w). Determine f(x).
10
Let c(y) be the first derivative of -y**2/2 - 22*y - 423. Give c(-6).
-16
Suppose 5*v = -4*i + 25, 0*v + 2*v - 2 = 0. Let s(l) = 3*l**3 - 87 - 3*l**2 - 4*l - l**2 + 162 - 2*l**3 - 82. Give s(i).
-2
Let c(j) = -j**3 - 5*j**2 + 6. Suppose 4*a - 3 = 5*a. Let u be (-16 - -6)/(-1 - a). What is c(u)?
6
Let t(h) = -3*h**3 - 10*h**2 - 8*h + 1. Let u(r) = -5*r**3 - 15*r**2 - 12*r + 2. Let c be (-22)/2 + -1 + 4. Let x(g) = c*t(g) + 5*u(g). Determine x(6).
-10
Suppose 0 = -2*d - 95 - 247. Let g = 252 + d. Let f(b) = 82*b - 5*b**2 + b**3 + 0*b**2 - g*b. Calculate f(5).
5
Let s(d) = 5*d**3 - 15*d**3 + 7*d**2 + 4 + 4*d**3 + 5*d**3. Determine s(7).
4
Let t(m) = 3*m + 8. Suppose 36 = -16*s + 10*s. Calculate t(s).
-10
Let y(o) = -429*o - 5 + 0 + 428*o. Let f = -5 + 0. Calculate y(f).
0
Suppose 4*l - 3*n - 7 = 0, 7*n - 109 = 3*l - 81. Let a(c) be the second derivative of -7/12*c**4 + 1/20*c**5 + c + 0*c**3 - 3*c**2 + 0. What is a(l)?
-6
Let j(h) be the first derivative of h**2/2 + 12*h + 14. Let d be j(0). Suppose -o = 2*r + d, -5*o = -r - r + 12. Let b(g) = 3*g + 1. Give b(o).
-11
Let x(f) = 17 + 21 + 19*f - 29 - 17*f. Let a(l) = l**3 + 7*l**2 + 7*l. Let t be a(-6). Calculate x(t).
-3
Let d(p) = 2*p + 4. Let o = 83 + -89. Calculate d(o).
-8
Let a be (-4)/(-10)*(11 - 6). Let y(r) = r**3 - 2*r + 7*r**a + r - 1 + 7*r + 2. Calculate y(-6).
1
Suppose -j + 24 = 4*i, 6*i - 2*i = 2*j + 12. Suppose j*s + 38 = 6. Let p(c) = -c**2 - 7*c + 7. Calculate p(s).
-1
Suppose -15 - 29 = -4*i. Let f = i - 7. Suppose 3*z - 5 = -z + j, 0 = -z + f*j + 20. Let m(n) = n**3 + n**2 - 7. Give m(z).
-7
Let a(n) = n**2 + 2*n - 2. Suppose -50*f = -56*f - 24. Give a(f).
6
Let s(g) = g - 6. Let k(y) = 3*y - 11. Let t(w) = -6*k(w) + 13*s(w). Let q be t(-4). Let a(h) = -h**3 + 7*h**2 + 10*h - 12. What is a(q)?
4
Let r(w) be the third derivative of w**4/24 + 5*w**3/6 - 63*w**2. Calculate r(8).
13
Let s(t) = -41*t**3 + 41*t**2 - 35*t - 33. Let g(r) = -9*r**3 + 10*r**2 - 9*r - 8. Let n(f) = 9*g(f) - 2*s(f). What is n(-9)?
12
Suppose 12 = -5*p + 3*p. Suppose -4 = -3*r + 2. Let f(h) = -6*h**2 - 5 - 6*h + 12 - h**3 - h**r. Calculate f(p).
7
Let b(s) = -s**3 + 7*s**2 - 5*s - 29. Let k be b(5). Let y(o) = 3*o - o + 3 + o. Calculate y(k).
-9
Let w(b) be the second derivative of -b**5/20 + b**4/3 + 7*b**3/6 - b**2/2 - 138*b. Give w(5).
9
Let x(d) = -d**2 - 2*d**3 + 5*d**3 - 5*d**2 - 2*d**3 + 3*d + 2*d - 4. What is x(5)?
-4
Suppose n = -g - 2, 0*n - 14 = 3*g + 5*n. Let x(d) = -9 + 2*d + 12 + g*d - 5*d. Determine x(8).
-5
Let g(j) be the second derivative of 5/2*j**2 + 1/6*j**3 + 9*j + 0. Suppose r = 5*r. Give g(r).
5
Let z(f) be the second derivative of 0 + 1/3*f**3 - 27*f + 0*f**2 + 1/12*f**4. Calculate z(-3).
3
Suppose -t - 5*y + 37 + 1 = 0, 3*t = -y + 58. Let a = t - 17. Let p(w) = 5*w**2 + 3*w - 4. Let b(q) = q**2 - q + 1. Let g(s) = 3*b(s) + p(s). Calculate g(a).
7
Let r(l) = -1 + 3 - 2*l**2 - 5*l + 2 - 6*l**2 - l**3. Suppose 64*i - 7 = 65*i. What is r(i)?
-10
Let s(q) = q - 6. Let p(g) = -31*g + 6. Let h be p(-1). Let k = h + -34. Determine s(k).
-3
Let m(c) = c**3 - 14*c**2 + 13*c + 19. Suppose -p - 2*k + 21 = 0, 4*p + 13*k - 12*k - 56 = 0. Calculate m(p).
19
Let k(w) = -w**2 + 9*w - 1. Suppose -3 + 168 = 15*y. Let d(j) = 2*j**2 - 17*j + 2. Let u(c) = y*k(c) + 6*d(c). What is u(4)?
5
Suppose 11*u = 7*u + 20. Let t be -1 - (-3 + (u - 4)). Suppose 0 = f + t + 6. Let m(l) = -l**3 - 7*l**2 - 6. Determine m(f).
-6
Let k(n) be the first derivative of -n**3/3 - 15*n**2/2 - 14*n + 212. Give k(-12).
22
Suppose -2*n = -0*n + 14. Let k(h) = 3*h**3 - 3*h**2 + h - 2. Let y be k(2). Let w = y + n. Let x(a) = a**3 - 5*a**2 - 7. What is x(w)?
-7
Let b(j) be the third derivative of -j**5/60 - 11*j**4/24 - j**3/2 + 67*j**2. Determine b(-8).
21
Let c(t) = 6*t + 8. Let h(w) = -7*w - 13. Let f(r) = -4*c(r) - 3*h(r). Give f(8).
-17
Let f(m) = 13*m**2 - 1. Suppose -3*l = 2*j + 2*l, -5*j = 2*l. Let r be 1*(j + -2 + 1). Determine f(r).
12
Let y be 42/70 - 44/(-10). Let t(u) = u - 1. Let q be t(y). Let r(d) = 4*d - 3*d + 3 - 1. Calculate r(q).
6
Let v(x) be the third derivative of 0*x - 2*x**3 - 15*x**2 + 0 - 1/60*x**5 - 5/12*x**4. Determine v(-9).
-3
Let t(w) be the first derivative of -5 - 2*w**2 + 1/3*w**3 - 8*w. Calculate t(7).
13
Let f be (0 + 0)/(7/(14/(-6))). Suppose -7*u + 14 + 35 = f. Let r(j) be the first derivative of -j**3/3 + 5*j**2/2 + 10*j + 1. Calculate r(u).
-4
Let l(g) = g**2 + 5*g + 2. Let j = 70 - 76. Let t(b) = 2*b + 9. Let v be t(j). What is l(v)?
-4
Let y(l) = -l**2 + 16*l - 5. Suppose 36*w - 275 - 193 = 0. Determine y(w).
34
Let g(v) = v**3 - v**2 + 2. Let n be g(0). Let a(q) = 2*q**2 - 5*q**2 + 3*q**n - 2*q + 1 - 6*q**3 + 2*q**2. What is a(1)?
-5
Suppose -6*i + 11 + 1 = 0. Let a(o) = 7*o + 0*o**2 - i*o**2 + 3 - 5*o + o. Give a(3).
-6
Let u(m) be the second derivative of -m**5/20 + 5*m**4/6 + 13*m**3/6 + 8*m**2 + 62*m. What is u(11)?
38
Let z be (4 - 2) + (-7)/((-21)/1884). Let o(f) = z - 630 - f + 20*f**2. Determine o(1).
19
Let i(l) = -l - 10. Suppose -3 - 9 = q. Let r be (q/(-14))/(3/(-21)). Calculate i(r).
-4
Let k be (-110)/44*(-36)/(-10) - -4. Let x(y) = -y + 1 + 4 - 4. What is x(k)?
6
Let c(g) = 3*g**3 - 2*g**2 + 2*g**3 - 4*g**3. Suppose -30*j = -28*j - 32. Suppose -2*f = 2*v + 2*f - j, -3*f = -5*v + 1. What is c(v)?
0
Let d(b) = -119*b + 1. Let m(q) = -53*q + 1. Let g(p) = 4*d(p) - 9*m(p). Let u(x) = 6*x. Let j be u(1). Calculate g(j).
1
Let i(y) = -51*y**3 + 16*y**2 + 52*y**3 + 14*y - y**2. Calculate i(-14).
0
Let h be 30/75 - (-73)/5. Let w(j) = 7*j + 1 + h*j + 4*j**2 - 21*j. What is w(-2)?
15
Let r(j) = -j - 3*j**3 - 2*j**2 + 4*j**3 - 3*j. Suppose 0 = -29*f + 31*f - 8. Suppose -f*n + 9 = -n. What is r(n)?
-3
Let s(h) be the third derivative of -h**5/60 + 11*h**4/24 + h**3/3 - 18*h**2. Let d(j) = -j**2 + 6*j + 1. Let v(a) = -5*d(a) + 3*s(a). Give v(-2).
3
Let s(o) = -o**3 + 5*o**2 + o - 4. Let i = 29 + -24. Suppose -4*m - 4*g + 12 = 0, 2*g - 5*g = -i*m + 31. Calculate s(m).
1
Let b(g) = g**3 - 4*g**2 - 6*g + 2. Let v be b(5). Let h(f) be the second derivative of f**3/2 + f**2/2 + 371*f. Determine h(v).
-8
Let h = 11 - -2. Suppose -3*g + 5 + h = 0. Suppose w - g = -5*n - 2, 2*n - 2 = 0. Let f(m) = 2*m**2 - m - 1. Give f(w).
2
Let l(g) = -2*g + 8. Let a(z) = z**3 + 9. Let w be a(0). Give l(w).
-10
Let a(b) = 4*b**2 + 16*b - 19. Let g(s) = 3*s**2 + 15*s - 18. Let h(x) = 4*a(x) - 5*g(x). Let w = -118 + 128. Calculate h(w).
4
Let q = -2157 + 2172. Let o(z) = -z**2 + 14*z - 22. Calculate o(q).
-37
Suppose w + 0*w = 4. Let l(u) be the second derivative of u**3/6 - 5*u**2/2 + 50*u. Determine l(w).
-1
Let q(g) = -g + 2. Suppose 5*x = 4*x. Let v(b) = -b**3 + b**2 + b - 20. Let r be v(x). Let k be (25/r)/((-2)/(-8)). Determine q(k).
7
Let g(r) = 7*r - 49. Suppose 6 = 3*a, -3*a + 31 = 2*d + 11. Calculate g(d).
0
Let q be (-3 - (-2 + -1)) + 2. Suppose q*h = 4*h + 4, 2*n + h = 12. Suppose -n = -4*f - 5*c, -f - 4*c - 2 + 1 = 0. Let w(r) = r - 2. Calculate w(f).
1
Let d(r) = r**2 + 3. Suppose -2*v + 3*v - 3 = 0. Let o be d(v). Let b(f) = 5*f - 6*f + 9 - o. What is b(-6)?
3
Suppose 0 = -5*a - 3*q - 118 + 23, 4*a = 3*q - 49. Let r(o) = -o**2 - 16*o - 15. Determine r(a).
-15
Let q = -905 - -895. Let f(k) = k**2 + 12*k + 1. Give f(q).
-19
Let p(w) be the second derivative of w**5/20 + w**4/3 - w**3/2 - 3*w**2/2 - w. Suppose 4*v = -b - 15, -3*b - 3 = -6*v + 4*v. Determine p(b).
15
Let d(n) = 2*n. Let b = 30 - 20. Let f = b + -13. Let t be 1*2/(-1 - f). Determine d(t).
2
Let t(u) = u - 5. Let i(q) = q**2 - q. Let h(y) = -i(y) - t(y). Let b(c) = -c**3 - c**2 + c - 3. Let o be b(0). Let k = 3 + o. Calculate h(k).
5
Let r(x) = -2*x**2 + x - 2*x**3 - 2*x + 2 - 1. Let f(u) = u**3 + 2*u**2 + 2*u - 1. Let h be ((-16)/(-2) - 8) + 3/(-1). Let z(a) = h*f(a) - 2*r(a). What is z(3)?
-2
Let w(g) = 5*g**3 + g**2 + 10*g + 2. Let h(n) = -1. Let k(j) = -j**3 - j - 4. Let v(a) = 3*h(a) - k(a). Let i(t) = 6*v(t) - w(t). Determine i(3).
10
Let g(y) = 46*y + 1. Suppose -5*n = q - 26, 4*q + 21 = 6*n - n. Give g(q).
47
Suppose 0 = 4*r - 2*g - 4 + 10, -2*g + 6 = -5*r. Let v(z) = -z - 3 + 2 + r. Suppose 5*k + 3*f - 2 + 26 = 0, 0 = 5*k + 4*f + 27. Give v(k).
2
Let u(y) = 9*y + 15 - 166*y**2 - 17